= -0*p. Let d = p + 1. Let j = d - -18. What is the highest common factor of j and 24?
8
Suppose s + 479 = 2*m + 4*s, -s - 499 = -2*m. Calculate the greatest common divisor of 19 and m.
19
Let n = -9 + 2. Let d(x) = 0*x - 1 + 3*x - 4*x. Let z be d(n). Calculate the highest common divisor of z and 48.
6
Let h(a) = -8*a - 9. Let m be h(-9). Suppose -4*v - 15 = -m. Let w = -2 - -6. What is the highest common factor of w and v?
4
Let p = 432 - 271. Let z = -115 + p. Calculate the highest common divisor of 69 and z.
23
Suppose 5*m + r - 29 = -r, 21 = 5*m - 2*r. Suppose -l + 0*l = 0. Suppose m*s = -l*s + 40. Calculate the greatest common divisor of 88 and s.
8
Suppose 0 = -2*u - 3*f + 35, 3*f = -0*u - 3*u + 60. Calculate the highest common divisor of 125 and u.
25
Let a = 329 + -213. What is the greatest common divisor of a and 29?
29
Let b be 14/4 + 12/8. Suppose b*s + 3*p + 1 = 8, -4*s + 4*p = -12. Suppose -3*n + 14 = -s*n. What is the highest common factor of n and 98?
14
Let v(f) = -f**3 + 9*f**2 - 6*f - 11. Let a be v(8). Let n be (-50)/(-4)*1*2. What is the greatest common factor of n and a?
5
Let t(p) = 2*p**2 - p - 1. Let n be t(2). Suppose 5*g = -2 - 3, -n = -y + 3*g. What is the highest common divisor of 18 and y?
2
Suppose 3*q + 2*p = 0, q - 5 = 4*p + 9. Suppose -14 = -0*h - q*h. What is the highest common factor of h and 7?
7
Let p(d) = 2*d - 1. Let n be p(-1). Let x be (-44)/n + 1/3. Let k be (35/x)/((-1)/(-48)). What is the highest common factor of 14 and k?
14
Let x(v) = 14*v - 2. Let z be x(2). Suppose -t = 2*t - 3*j + 42, 0 = -2*t + j - z. Let a = t - -21. What is the greatest common factor of a and 9?
9
Suppose -183 = 5*w + 2*k - 5*k, -109 = 3*w - 2*k. Let b = w - -57. What is the highest common divisor of b and 36?
18
Let y = 17 - 13. What is the highest common divisor of 16 and y?
4
Let t = -223 - -344. What is the greatest common divisor of t and 11?
11
Let w = -3 - -5. Let m(c) = -c**3 + 4*c**2 + c + 1. Let r be m(w). Let z be (-108)/(-10) - (-1)/5. What is the highest common factor of r and z?
11
Suppose 123 = 5*z + 3*k, 2*z + 3*k + 93 = 6*z. Let f be (-24)/(-8) + (-1 - -1). Suppose f*v = 6*v - 24. Calculate the highest common factor of v and z.
8
Let i = 67 - 31. What is the greatest common divisor of i and 324?
36
Let j(t) = -t**2 + 7*t - 7. Let x be j(5). Suppose 3*r - 16 = -x*v + 8, 3*r = -4*v + 37. Calculate the greatest common factor of v and 91.
13
Suppose -838 = 3*c + 4*p, 2*p - 181 - 105 = c. Suppose 304 = -i - 113. Let d = c - i. What is the greatest common factor of d and 15?
15
Let w = 92 - 26. Calculate the highest common divisor of w and 6.
6
Let o(b) = 32*b + 8. Let z be o(2). What is the greatest common factor of z and 9?
9
Let o be 8 - 3 - (-1 - -4). Suppose o*c - 16 = -2*c. Let q(f) = 5*f**3 - 3*f**2. Let s be q(2). What is the highest common factor of c and s?
4
Let y be 80/14 - 2/(-7). Suppose -3*i + 2*c = -12, 3 = -c - 0. Suppose i*l - 1 = 35. What is the greatest common divisor of y and l?
6
Let u(n) = 7 - 19 - 5*n + 9 + 2. Let l be 3/((-6)/(-4)) + -3. Let o be u(l). What is the greatest common factor of 44 and o?
4
Let i(g) = 7*g - 33. Let b be i(6). What is the greatest common divisor of b and 63?
9
Let g(w) = 4*w - 14. Let z be g(5). Let b = 0 + 18. Calculate the greatest common factor of z and b.
6
Suppose -3*f = -4*f + 3*c + 112, c = 3. Suppose 3*x = 2 + 1, -2*x - 31 = -3*k. What is the greatest common factor of k and f?
11
Let d = -33 - -46. Calculate the greatest common divisor of 13 and d.
13
Let s = 2 + 0. Suppose b - 16 = -4*b - s*k, k = 3. Suppose 195 + 13 = b*w. Calculate the greatest common divisor of 13 and w.
13
Let g(c) = c**2 + 4. Let h be g(3). Suppose -w + 65 = 4*w. Calculate the highest common factor of h and w.
13
Suppose 3*u + 9 = 33. Suppose 4*b - u - 44 = 0. What is the greatest common divisor of 13 and b?
13
Let b be (-30)/75*-2*40. Calculate the highest common divisor of 16 and b.
16
Suppose 44 = 7*p - 5*p. Suppose -5*j - 684 = -4*z, z + 4*j - 368 = -z. Calculate the greatest common factor of p and z.
22
Let f be (-7 - 3/(-1))*12/(-3). What is the greatest common factor of f and 24?
8
Let a be 358/15 + (-44)/(-330). What is the greatest common factor of a and 48?
24
Let n be (-30)/9*12/(-5). Let w be (-8)/(-2)*n/2. What is the greatest common factor of w and 2?
2
Let p(l) = -l + 37. Let c be p(13). Calculate the highest common divisor of c and 60.
12
Let c be 7 - (-66)/(-9) - 80/(-6). Calculate the highest common factor of 13 and c.
13
Let h(a) = -a**3 - 3*a**2 + 2*a - 5. Let f be h(-4). Let z be 3/(4 - 1/1). Let q be 6/9*3 + z. Calculate the highest common divisor of f and q.
3
Let b = 56 - 14. What is the greatest common divisor of b and 21?
21
Let i = -56 - -60. What is the greatest common factor of i and 8?
4
Suppose -7 = -s + d, 2*s + 2*s = 3*d + 31. What is the greatest common factor of s and 25?
5
Let m(y) = 3*y**2 - 9*y - 34. Let b be m(6). What is the highest common divisor of b and 20?
20
Let q(f) = 2*f**2 + 9*f - 33. Let v be q(-9). What is the highest common divisor of v and 168?
24
Suppose 5*w = w. Suppose w*g + 2*g - 10 = 0. Suppose -g*s = -2*s - 33. Calculate the highest common factor of s and 55.
11
Let h(n) = 4*n**2 - n. Let l be h(3). Let o = -3 - -5. Let u be (o - -31)*(-1)/(-3). Calculate the greatest common factor of u and l.
11
Let r be 2/((-24)/9) - (-210)/24. What is the greatest common factor of r and 16?
8
Let d(v) = -v**3 - 9*v**2 + 1. Let i be d(-9). What is the greatest common factor of i and 1?
1
Let g = 0 + 3. Suppose 2*u + g - 13 = 0. What is the highest common divisor of 55 and u?
5
Let l(i) = 2*i**3 - i**2 + i - 4. Suppose -5*u + 8 + 17 = 0. Let m = u + -2. Let a be l(m). What is the highest common factor of 22 and a?
22
Suppose 2*g - 2 + 0 = 0. Suppose 0 = -d + g + 5. Let o be (7/3)/(3/54). What is the highest common divisor of d and o?
6
Let j = 43 + -21. Suppose j - 112 = -2*k. Let q be (-4)/10 - (3 + (-501)/15). Calculate the greatest common divisor of k and q.
15
Let z(l) = -l**2 - 7*l + 4. Let c be z(-7). Suppose -c*s = -9 - 7. Let m(r) = 2*r - 5. Let o be m(s). Calculate the greatest common divisor of o and 27.
3
Let i be ((-4)/(-4))/((-3)/(-192)). Calculate the greatest common divisor of i and 8.
8
Suppose 0 = 2*o - 2*k, -2 = 3*o - 4*k - 0. Suppose 0*y - 10 = -o*y. Calculate the highest common factor of 5 and y.
5
Let i = 24 - 11. Let r = 424 + -281. What is the greatest common factor of r and i?
13
Suppose 0 = 4*a - 3*a + 1. Let t be (0 + -5)*(-13 - a). Let w = 6 - 0. Calculate the greatest common factor of w and t.
6
Let z(o) = -2*o**2 + 11*o + 11. Let t be z(6). What is the greatest common divisor of 10 and t?
5
Suppose 4*w - 2*w = 30. Let u be (1 - -15) + (2 - 3). What is the highest common factor of u and w?
15
Let q = -28 - -48. What is the highest common factor of q and 4?
4
Let o(j) = j**3 + 9. Let z be o(0). What is the highest common divisor of z and 72?
9
Let s(q) = 2*q**2 - 5*q + 3. Let w be s(-7). What is the greatest common factor of 17 and w?
17
Suppose 8*i - 3*i - 10 = 5*t, -2*i = 2*t - 16. Let k(a) = -a + 9. Let b be k(9). Let w be -1*(b + -6*2). What is the greatest common factor of t and w?
3
Let s be -1 - 0 - (-2 - (134 + -5)). Calculate the highest common divisor of s and 10.
10
Suppose 5*z - 6 = 5*l + 9, -3*z - l + 5 = 0. Calculate the greatest common factor of 22 and z.
2
Let v(y) = -5*y**2 + 30*y - 6. Let t be v(4). What is the highest common divisor of 306 and t?
34
Let t(l) = -2*l - 6. Let b be t(-4). Suppose 0 = 2*n - 8, -b*n - 2*n - 134 = -5*y. What is the highest common divisor of y and 6?
6
Suppose -5*j = -8 - 7. What is the highest common factor of j and 18?
3
Suppose 3*d - 65 - 199 = 0. Calculate the highest common divisor of 8 and d.
8
Suppose -d - 5*o + 36 = 11, 0 = 2*d - o + 5. Suppose -4*m + 101 + 15 = d. What is the greatest common factor of m and 87?
29
Suppose -2*x = 4*b - 6, 5*b + 2*x - 12 + 4 = 0. Let m be (b/4)/((-2)/8). Let n be (-24)/m - 3 - -3. Calculate the greatest common divisor of n and 60.
12
Let a be 2*(-3)/18*-66. Suppose -2*u - 13 = 7. Let z = 1 - u. Calculate the greatest common divisor of z and a.
11
Suppose 5*j - 574 - 361 = 0. Suppose -2*v = v - 51. What is the greatest common 